hat is 4 (base 13) in base 8?
4
What is 3 (base 4) in base 10?
3
What is 20 (base 6) in base 11?
11
What is -121 (base 6) in base 7?
-100
1 (base 7) to base 13
1
-53 (base 10) to base 2
-110101
What is -1011 (base 2) in base 10?
-11
What is -1011010 (base 2) in base 13?
-6c
What is -1 (base 14) in base 6?
-1
Convert 180 (base 15) to base 10.
345
-465 (base 8) to base 14
-181
Convert 3 (base 11) to base 9.
3
3 (base 16) to base 6
3
What is 2 (base 14) in base 6?
2
Convert 1 (base 12) to base 15.
1
0 (base 16) to base 5
0
What is -3e (base 15) in base 5?
-214
What is 20 (base 5) in base 9?
11
11010 (base 2) to base 11
24
What is a (base 16) in base 5?
20
What is 11 (base 2) in base 3?
10
What is 5 (base 16) in base 3?
12
Convert -111 (base 2) to base 6.
-11
Convert -5 (base 11) to base 8.
-5
2 (base 7) to base 9
2
Convert 23 (base 15) to base 9.
36
What is 2 (base 5) in base 11?
2
What is 1a8 (base 11) in base 9?
285
32 (base 15) to base 5
142
-4 (base 14) to base 5
-4
-a5 (base 11) to base 6
-311
What is 3 (base 11) in base 16?
3
8 (base 15) to base 3
22
101 (base 12) to base 3
12101
-1 (base 10) to base 13
-1
Convert 334 (base 5) to base 8.
136
What is -1 (base 4) in base 7?
-1
42 (base 11) to base 13
37
1 (base 2) to base 12
1
What is -19 (base 13) in base 5?
-42
What is 10 (base 8) in base 2?
1000
What is 8 (base 13) in base 9?
8
What is 5 (base 11) in base 5?
10
Convert 3 (base 14) to base 5.
3
Convert 4 (base 5) to base 15.
4
Convert 3b (base 14) to base 10.
53
33 (base 13) to base 11
39
What is -89 (base 10) in base 14?
-65
14 (base 10) to base 8
16
-103 (base 4) to base 3
-201
-3120 (base 4) to base 6
-1000
What is 2 (base 8) in base 16?
2
77 (base 15) to base 8
160
What is -1 (base 11) in base 3?
-1
Convert -13 (base 8) to base 2.
-1011
What is -2 (base 4) in base 14?
-2
What is 0 (base 3) in base 15?
0
Convert -2 (base 4) to base 12.
-2
14 (base 9) to base 6
21
Convert 6 (base 8) to base 9.
6
What is 2 (base 5) in base 12?
2
-3 (base 9) to base 13
-3
3 (base 6) to base 3
10
What is 15 (base 10) in base 15?
10
21 (base 7) to base 14
11
What is 53 (base 6) in base 9?
36
What is -10 (base 5) in base 13?
-5
What is 1 (base 5) in base 2?
1
What is 10 (base 10) in base 8?
12
What is -300 (base 7) in base 15?
-9c
Convert -1 (base 2) to base 3.
-1
-7 (base 13) to base 16
-7
Convert -10b (base 14) to base 16.
-cf
What is 32 (base 4) in base 16?
e
What is 1 (base 5) in base 16?
1
-b (base 16) to base 14
-b
2011 (base 3) to base 6
134
What is -3 (base 6) in base 7?
-3
Convert 3 (base 16) to base 3.
10
8 (base 14) to base 4
20
-10 (base 3) to base 2
-11
What is -21 (base 4) in base 3?
-100
Convert 3 (base 12) to base 11.
3
Convert 73 (base 10) to base 13.
58
-1 (base 14) to base 3
-1
2 (base 10) to base 13
2
47 (base 15) to base 4
1003
Convert -44 (base 7) to base 15.
-22
What is 3 (base 13) in base 3?
10
-84 (base 12) to base 2
-1100100
Convert 2 (base 9) to base 14.
2
20 (base 3) to base 16
6
10c (base 13) to base 11
155
What is -10 (base 11) in base 16?
-b
What is 1 (base 4) in base 6?
1
-3 (base 5) to base 15
-3
What is 14 (base 15) in base 12?
17
34 (base 9) to base 14
23
Convert -132 (base 4) to base 9.
-33
Convert 3b (base 14) to base 5.
203
d (base 16) to base 6
21
What is -7 (base 12) in base 10?
-7
-11 (base 14) to base 6
-23
What is 10 (base 4) in base 3?
11
What is 0 (base 12) in base 7?
0
0 (base 7) to base 3
0
11 (base 5) to base 11
6
4 (base 5) to base 14
4
What is -29 (base 10) in base 13?
-23
What is 4 (base 5) in base 4?
10
What is 4 (base 14) in base 4?
10
Convert -10 (base 4) to base 14.
-4
Convert 7 (base 16) to base 15.
7
Convert -11101 (base 2) to base 8.
-35
-19 (base 11) to base 12
-18
-3 (base 9) to base 11
-3
-62 (base 11) to base 10
-68
-3001 (base 4) to base 10
-193
Convert 3 (base 5) to base 6.
3
What is 101 (base 2) in base 11?
5
Convert -6 (base 9) to base 7.
-6
-12210 (base 3) to base 11
-132
-11 (base 9) to base 16
-a
-5 (base 6) to base 9
-5
Convert 1 (base 16) to base 7.
1
What is 11 (base 2) in base 3?
10
-9 (base 15) to base 14
-9
Convert -2 (base 10) to base 9.
-2
20 (base 14) to base 9
31
1 (base 12) to base 5
1
95 (base 11) to base 16
68
Convert -44 (base 9) to base 13.
-31
-3 (base 9) to base 12
-3
121 (base 6) to base 13
3a
What is 8 (base 16) in base 15?
8
-4 (base 13) to base 12
-4
Convert -100101 (base 2) to base 12.
-31
Convert -2 (base 5) to base 6.
-2
1 (base 10) to base 2
1
Convert 20 (base 4) to base 10.
8
Convert -243 (base 6) to base 7.
-201
What is 43 (base 10) in base 4?
223
Convert 28 (base 12) to base 3.
1012
15 (base 14) to base 8
23
1 (base 15) to base 11
1
What is 6a (base 11) in base 8?
114
What is 3 (base 9) in base 2?
11
Convert -1 (base 10) to base 15.
-1
Convert -23 (base 16) to base 13.
-29
What is 2 (base 4) in base 15?
2
What is -e (base 15) in base 11?
-13
Convert 3 (base 14) to base 9.
3
Convert 7 (base 11) to base 15.
7
What is 2 (base 10) in base 6?
2
15 (base 6) to base 15
b
1112 (base 6) to base 3
100122
What is 17 (base 8) in base 12?
13
What is 103 (base 4) in base 6?
31
What is -46 (base 12) in base 4?
-312
What is -130 (base 8) in base 16?
-58
-1 (base 6) to base 10
-1
1 (base 6) to base 3
1
-8 (base 11) to base 14
-8
Convert -66 (base 7) to base 5.
-143
What is -11 (base 3) in base 16?
-4
-1 (base 2) to base 8
-1
What is -1 (base 12) in base 7?
-1
What is -84 (base 11) in base 3?
-10102
Convert 23 (base 13) to base 9.
32
2 (base 12) to base 2
10
What is 52 (base 7) in base 12?
31
Convert 10 (base 3) to base 13.
3
d (base 15) to base 3
111
What is -226 (base 7) in base 14?
-86
Convert 25 (base 10) to base 11.
23
Convert 54 (base 10) to base 12.
46
What is 35 (base 10) in base 4?
203
Convert -100 (base 2) to base 4.
-10
-10010 (base 2) to base 3
-200
-2 (base 11) to base 3
-2
What is -2 (base 9) in base 7?
-2
Convert -1 (base 2) to base 9.
-1
Convert -16 (base 12) to base 11.
-17
What is -20202 (base 3) in base 2?
-10110110
Convert -11 (base 6) to base 12.
-7
What is 340 (base 8) in base 10?
224
Convert -3 (base 12) to base 16.
-3
What is -11 (base 3) in base 11?
-4
1 (base 16) to base 3
1
-2 (base 15) to base 2
-10
-96 (base 11) to base 13
-81
Convert -2 (base 5) to base 8.
-2
Convert 0 (base 11) to base 10.
0
Convert 10101011 (base 2) to base 14.
c3
Convert -50 (base 10) to base 9.
-55
What is -1 (base 10) in base 14?
-1
-10100 (base 2) to base 11
-19
Convert -3 (base 16) to base 3.
-10
What is 2 (base 13) in base 9?
2
Convert -2 (base 13) to base 7.
-2
What is 19 (base 11) in base 14?
16
Convert -17 (base 10) to base 9.
-18
11101 (base 2) to base 5
104
123 (base 5) to base 10
38
-11 (base 5) to base 7
-6
What is -7 (base 16) in base 3?
-21
-465 (base 8) to base 13
-1aa
What is -2 (base 15) in base 7?
-2
What is 333 (base 5) in base 8?
135
What is -10 (base 3) in base 6?
-3
What is 63 (base 16) in base 12?
83
What is 2 (base 9) in base 16?
2
What is -c (base 15) in base 4?
-30
a (base 15) to base 6
14
What is 6a (base 11) in base 4?
1030
-38 (base 9) to base 15
-25
-134 (base 10) to base 11
-112
108 (base 13) to base 8
261
What is -37 (base 10) in base 13?
-2b
-67 (base 11) to base 15
-4d
14 (base 10) to base 11
13
Convert 4 (base 13) to base 7.
4
What is -2 (base 3) in base 7?
-2
Convert 1 (base 4) to base 9.
1
What is 12 (base 3) in base 4?
11
What is -10 (base 3) in base 12?
-3
110 (base 7) to base 13
44
What is 0 (base 7) in base 4?
0
-105 (base 9) to base 12
-72
What is 23 (base 4) in base 9?
12
-3 (base 6) to base 13
-3
What is 22 (base 4) in base 9?
11
0 (base 13) to base 9
0
2 (base 11) to base 3
2
Convert -2 (base 6) to base 13.
-2
Convert 29 (base 14) to base 4.
211
What is 9c (base 13) in base 7?
243
What is -3 (base 16) in base 4?
-3
Convert 131 (base 7) to base 9.
78
Convert 4 (base 6) to base 2.
100
What is 18 (base 10) in base 5?
33
-155 (base 8) to base 12
-91
224 (base 7) to base 11
a6
What is -8c (base 15) in base 5?
-1012
What is 307 (base 8) in base 13?
124
What is 193 (base 11) in base 3?
22021
Convert 112 (base 4) to base 11.
20
Convert 9 (base 16) to base 10.
9
Convert 6 (base 14) to base 12.
6
What is 15 (base 6) in base 15?
b
-20 (base 8) to base 15
-11
2e (base 16) to base 3
1201
4 (base 12) to base 14
4
6 (base 12) to base 6
10
Convert 1 